termine z(2).
0
Let l(g) be the first derivative of -g**3/3 - g**2/2 - g - 9. Let s be 1 + (-4)/(0 - -1). Give l(s).
-7
Let m(l) = 2*l + 2. Suppose -10 = -2*s - 0*s + j, -3*j - 14 = -2*s. Suppose 0 = -2*k - y - 0*y - 6, -4*k - s*y = 8. Calculate m(k).
-6
Let f = 12 - 12. Let h(x) be the third derivative of 0*x**5 - 1/24*x**4 + 7/120*x**6 + 0*x + f - x**2 + 0*x**3. Calculate h(-1).
-6
Let y(j) = -257*j - 2*j**2 + 130*j + 127*j + 1. Give y(1).
-1
Let o(d) = d - 8. Let a be o(0). Let g(h) = -h - 3. Let u be g(a). Let l(m) = 2*m + 0*m - 2 - 2. Determine l(u).
6
Let o(a) = -2*a**2 - 7*a - 4. Let u(n) = -n**2 + 13*n - 16. Let w be u(12). Give o(w).
-8
Let o(q) = -4*q. Let t be o(1). Let d(w) be the second derivative of -w**5/20 - 5*w**4/12 - w**3/2 + 5*w**2/2 - 6*w. Determine d(t).
1
Let y = -3 - -3. Let i(p) = p + y*p + p + 2. Let u(m) = -m - 9. Let b be u(-7). What is i(b)?
-2
Let j = 0 + -1. Let f(l) = -17*l - 9. Let h(w) = -9*w - 5. Let c(s) = -4*f(s) + 7*h(s). Calculate c(j).
-4
Let i(k) = 0 + 9 - 8 - k**2 + 4*k + 1. Calculate i(5).
-3
Let u be (-5)/(-3) + (-52)/(-39). Let q(r) = 3*r**2 + 7 - 3 + 0 - r**3. What is q(u)?
4
Let y(k) = k - 2. Let w = 0 - 2. Let r be -2 + (-12)/(-3 - w). Suppose o - r = -o. Calculate y(o).
3
Let x(o) = 7*o**2 - 6*o + 5. Let u(g) = -3*g**2 + 3*g - 2. Let v(l) = 9*u(l) + 4*x(l). Determine v(-3).
2
Let t(d) be the first derivative of -d**4/4 + 2*d**3 + d**2/2 - 6*d + 7. Give t(6).
0
Let i = -59 + 53. Let h(x) = -x**3 - 5*x**2 + 7*x + 3. Calculate h(i).
-3
Let s = 1 - 0. Let m be -1 - (s - (-1 + 1)). Let u(p) = 4*p**2 + p - 5*p**2 + p + 0*p + 2. Give u(m).
-6
Let t(s) be the second derivative of -s**3/3 + 2*s**2 + 4*s. Give t(4).
-4
Let g(h) = -h + 1. Let b(r) = 8*r - 11. Let d(o) = 2*b(o) + 18*g(o). Give d(3).
-10
Let d(a) = a**3 - a**2 - a + 1. Let t(w) = 6*w**3 - w**2 - 3*w + 8. Let k(n) = -5*d(n) + t(n). Give k(-4).
-5
Let w = 1 - 1. Let u(j) = -9 - 14*j + 10*j + 5*j. Determine u(w).
-9
Let o = 2 + 2. Let g(t) = 7*t**3 + t**2 - 11*t - 3. Let z(y) = -20*y**3 - 2*y**2 + 31*y + 8. Let s(u) = -17*g(u) - 6*z(u). Calculate s(o).
-9
Suppose 2*n - 2 = -l, -3*l - 16 = -5*n - 0*n. Let x(k) = 4*k**2 - 2*k + 2. Calculate x(n).
14
Let z(w) = -1. Let f(c) = -c**2 - 7*c - 7. Let p be f(-7). Let b(k) = k + 4. Let r(h) = p*z(h) - 2*b(h). Calculate r(-1).
1
Let p = -22 - -14. Let q = -3 - p. Let l(u) = -u**2 + 6*u - 1. What is l(q)?
4
Let s(w) = -w**3 + 5*w**2 + w - 6. Suppose 0 = g - 2 - 11. Suppose 21 - 7 = 2*o - n, o - 2*n - g = 0. Give s(o).
-1
Let p(s) = 3*s**2 + 4*s + 2. Let a be p(-2). Let z(r) = 5*r**3 + 5*r**2 - 6*r. Let i(m) = -9*m**3 - 9*m**2 + 11*m. Let k(y) = a*i(y) + 11*z(y). Give k(1).
2
Suppose -3*r + 3*m = 0, -2*r + 4*m - 3 = -1. Let k(x) = -3*x**2 + 2*x - 1. Calculate k(r).
-2
Let h(b) = -b**2 + 5*b + 1. Suppose -9 = -0*l - l + g, l - 5*g = 29. What is h(l)?
5
Suppose 5*k + 5*j = 25, -3*k - 5*j = -0*j - 25. Suppose -3*r + r - 4 = k. Let f(x) = -x**2 - 4*x. Give f(r).
4
Let l(a) = a - 7. Suppose 5 + 1 = -3*d. Let o be 1/d + (-14)/(-4). Let z = 3 - o. What is l(z)?
-7
Let c(b) be the second derivative of b**4/3 + 7*b**3/6 + b**2 - b. Let r(i) = 5*i**2 + 8*i + 2. Let q(z) = 6*c(z) - 5*r(z). Determine q(3).
-1
Let h = 16 - 9. Let a(j) = -j**3 - 9*j**2 + h*j**2 - j**3 + 1. Calculate a(1).
-3
Let s(a) be the third derivative of -a**5/30 - a**3/6 + a**2. Let m(j) be the first derivative of s(j). Let d(q) = q - 3. Let b be d(5). Calculate m(b).
-8
Let i(c) = 5*c + 1. Suppose -2 = -h - 2*l, -5*h + 3 + 31 = 4*l. Let x = h + -8. Suppose -b = a - x, 2*b = -3*b + 2*a - 18. Give i(b).
-9
Let j(p) be the third derivative of -p**6/120 + p**5/20 + 5*p**4/24 - 2*p**2. Let a(r) = r**3 + 3*r**2 - 2*r - 2. Let y be a(-3). What is j(y)?
4
Let x(m) = 4 - 19*m - 1 + 21*m + 0. Calculate x(6).
15
Let p(d) = d**3 - 5*d**2 + 4*d + 2. Let t be p(4). Let y(v) = -v**t + 3*v + v - 3*v + 5. Suppose x = -4*x. Give y(x).
5
Let r(m) = -m**2 - 3*m + 2. Let y = 11 + -16. Calculate r(y).
-8
Suppose 0*b + 4*b - 12 = 0. Suppose 11 - b = 4*d. Let v(l) be the first derivative of 2*l**3/3 - l**2 + 2. Determine v(d).
4
Suppose -4*j + 10*j + 36 = 0. Let h(t) = -t**3 - 6*t**2 + 2. Give h(j).
2
Let f(q) = -2*q + 5. Let w = 61 + -68. What is f(w)?
19
Let a(z) be the third derivative of z**5/30 - z**4/24 + z**3/6 + z**2. Let h be a(1). Let i(c) = c**3 - c**2 + 0*c + 5*c + 2 - 6*c. Determine i(h).
4
Let u(r) = -r + 3. Let y(j) be the third derivative of j**4/24 + j**3/6 - 2*j**2. Let h be y(-4). Give u(h).
6
Let j = 4 - -2. Let v(x) = 7*x + 6. Let h(y) = 13*y + 11. Let d(o) = j*h(o) - 11*v(o). Let p = 2 + -5. Calculate d(p).
-3
Let x(v) = 5*v + v - 5 - 3*v. Determine x(7).
16
Suppose 0 = -2*t - 5*a + 17, 2*t + 4*a = 18. Suppose 8*g = t*g + 9. Let v(l) = -l**3 - 3*l**2 - 3*l + 1. Calculate v(g).
10
Let g(y) = -y**2 - y + 2. Let x be g(0). Let n(u) be the first derivative of 1 - 3*u - 2 + u**x - 2*u + 4*u. Determine n(2).
3
Let b(t) = 4*t**3 - 7*t**2 - 13*t + 13. Let p(q) = -2*q**3 + 4*q**2 + 7*q - 7. Let z = -5 + -1. Let l(x) = z*b(x) - 11*p(x). What is l(-2)?
5
Suppose -3*u + 5*f - 2 = 0, -4*u + 5*f - 4 = 2. Let z(r) = 2*r + 2. Let c(t) = -13*t - 10. Let y(x) = -c(x) - 6*z(x). Give y(u).
-6
Suppose -g + 0*g = 5*s - 15, 22 = s + 4*g. Let v(c) = 2*c**2 - 4*c + 3. What is v(s)?
3
Let o(q) = -4*q**3 + q + 1. Let v = -30 - -29. Determine o(v).
4
Let y = -29 + 29. Let u(x) = -x - 4. What is u(y)?
-4
Suppose 4*u + 8 = 4. Let z(l) = -6*l - 1. What is z(u)?
5
Let g(o) = 3*o + 7. Let c = 25 + -31. Calculate g(c).
-11
Let v(n) be the second derivative of -n**5/120 - n**4/24 + n**3/6 - 4*n. Let u(f) be the second derivative of v(f). Give u(6).
-7
Let m(r) = -4*r. Suppose -4*x - 4 = f, 3*x + 6 = f + 2*x. Suppose -5*p + f*t = -34, p - 4*t = -3*p + 24. Suppose 0 = 3*v - 2*o + 13, 3*o - o - p = 0. Give m(v).
4
Let u(x) be the first derivative of -1 - 5*x + 1/2*x**2. What is u(0)?
-5
Let y(g) = 4*g - 3. Let w(l) = l**2 + 4*l - 3. Let h = 10 + -14. Let x be w(h). Let n be (1 + 2)*(-2)/x. Determine y(n).
5
Let m be -3 + 0 + 10/(-2). Let o(s) = 9*s**2 + 1. Let d be o(-1). Let k = d + m. Let h(i) = i**3 - 3*i**2 - 2*i. Give h(k).
-8
Let m(d) be the third derivative of d**4/6 - d**3/3 - 2*d**2. What is m(4)?
14
Let h(q) = 0*q + 0*q + q**2 - 3 + 4*q. Let s be h(-5). Let a(l) = l**2 + 4 + 0*l**2 - l**3 + 5*l - s*l**2. Calculate a(-3).
7
Suppose 0 = 8*m - 2*m + 12. Let v(q) = 3*q - 2. Give v(m).
-8
Let n = -8 - -13. Let d(u) = 4 + 0 - n - 2*u + 2*u**2 + 2*u**3 - 4*u**2. Give d(-1).
-3
Let x(m) = 2*m - 6. Suppose c = k, -3*k + 5*k = -2*c + 12. What is x(k)?
0
Let o be (16/16)/((-1)/2). Let v(g) be the third derivative of -g**5/20 + g**3/3 - 2*g**2. Give v(o).
-10
Let w(n) be the second derivative of n**5/20 - 5*n**4/12 - 2*n**3/3 - 3*n**2 + 19*n. Calculate w(6).
6
Let t(o) = 7*o**3 + 4*o**2. Let w(i) = 13*i**3 + 9*i**2. Let v(h) = -9*t(h) + 4*w(h). Give v(1).
-11
Let q(o) = -o**2 - 9*o - 13. Let y be q(-6). Let n(l) = -l**2 + 5*l + 1. What is n(y)?
1
Let q(z) be the third derivative of -z**5/60 - z**4/8 - z**3/2 - 2*z**2. Suppose 10 = -2*y - 7*l + 3*l, -4*l = 4. What is q(y)?
-3
Let i be (-2 + 1)/(4/(-8)). Let a(l) = 2*l - 1. What is a(i)?
3
Let b(w) = 1 - 5*w**3 - 2*w + 7*w**3 + 1 - w**3 + 2*w**2. What is b(-3)?
-1
Let i = -44/9 - -50/9. Let s(y) be the third derivative of 0 - i*y**3 - 1/60*y**5 + 5/24*y**4 - y**2 + 0*y. Give s(3).
2
Let z(g) be the first derivative of g**4/2 - g**3 + g**2 - g + 1. Suppose -4 = -w, -4*w + 22 = r + w. Determine z(r).
7
Let y be (2/(-3))/(10/(-30)). Let b(h) = 3*h - 2. Let k = -2 - -4. Let z(x) = -6*x + 4. Let s(c) = k*z(c) + 5*b(c). Calculate s(y).
4
Let x(m) be the second derivative of -3*m**5/40 + 7*m**3/6 - 3*m. Let r(l) be the second derivative of x(l). Give r(1).
-9
Let s(d) be the second derivative of 1/360*d**6 - 3*d + 1/3*d**3 + 1/12*d**4 + 1/24*d**5 + 0 + 0*d**2. Let h(b) be the second derivative of s(b). Give h(-4).
-2
Let z(u) be the first derivative of -u**3/3 - u**2/2 + 2*u + 2. Let a(x) = x**3 - 7*x**2 - 9*x + 6. Let i be a(8). What is z(i)?
0
Let y = -25 - -52. Let x be (-6)/y - (-64)/(-36). Let l(o) = 1 + 3*o**3 + 3*o**2 + 2*o - 2*o**3 + 2. What is l(x)?
3
Let p(b) be the second derivative of b**3/6 + 5*b**2/2 + 23*b. What is p(-6)?
-1
